 -4*t + 30 = 17*c - 18*c, 0 = 5*t - c - 38. What is the greatest common divisor of h and t?
1
Suppose -d + 60 = -v, -134 = -2*d + v - 6*v. Calculate the highest common divisor of 248 and d.
62
Suppose 2*l + 3*s + 588 = 6*l, -3*s - 294 = -2*l. What is the greatest common divisor of l and 98?
49
Let g(r) = -2*r - 9. Let q be g(-6). Let w = -31 + 46. Let p be (-4)/((-4)/q) + w. Calculate the greatest common divisor of p and 27.
9
Let p(u) = -2*u**2 + 70*u - 69. Let g be p(33). Calculate the greatest common divisor of g and 18.
9
Let j(n) = -n**3 + 24*n**2 + 27*n - 17. Suppose -4*b = -4*s - b + 109, 5*s - 3*b = 134. Let h be j(s). Calculate the greatest common divisor of 132 and h.
33
Let f(g) = 39*g + 30 - 57*g - g**2 + 0*g**2. Let n be f(-18). What is the greatest common divisor of n and 20?
10
Let z(k) = -2*k**2 + 43*k - 59. Let a be z(20). What is the greatest common divisor of a and 271?
1
Let z = -9 - -9. Let k be (-1)/((-2)/470*1). Suppose 5*p + 15 = z, -4*p - p = -t + k. What is the greatest common factor of t and 20?
20
Let t(g) = g**3 - 7*g**2 + 18*g - 43. Let a be t(6). What is the greatest common factor of 377 and a?
29
Suppose -5*v = -m - 13, -2*v - 3 = 2*m - 1. Let p(w) = -6*w**3 - 3 + 5*w - 2*w + 5 - 2*w**v. Let f be p(-2). Calculate the highest common factor of f and 12.
12
Let w = -13 + 12. Let s be ((3 + w)*-6)/(4/(-6)). Calculate the highest common divisor of 12 and s.
6
Let s(a) be the third derivative of -a**4/12 + 7*a**3/2 + 12*a**2. Let n be s(9). Let h = 83 + -59. What is the highest common divisor of h and n?
3
Let j be ((-10)/8)/(80/(-96))*102. Calculate the highest common divisor of 18 and j.
9
Suppose -3*f = 3*u + 4 - 1, 0 = f - u - 9. Suppose 0 = -3*i + i + f. Suppose -d + i*d = 9. What is the greatest common divisor of d and 81?
9
Let o be (3/(-3))/(1/(-4)). Suppose o*t - 8 = -5*k, -k - 11 = -t - 0*k. Suppose -4*n + 56 = -0. Calculate the highest common factor of n and t.
7
Let l(i) = -i + 4. Let o be l(-12). Suppose 0 = -0*f - 2*f + o. Suppose 6 = 4*s + 2. What is the greatest common factor of s and f?
1
Let v be ((-2)/(-8) + -1)/((-14)/224). Suppose a = 2*a - 84. What is the greatest common divisor of a and v?
12
Suppose 2*q + 18 = 5*q. Suppose 95*h + 1056 = 117*h. What is the greatest common divisor of q and h?
6
Let y = 214 - 189. Let d(v) = 6 + 0*v - 1 + 14*v. Let h be d(5). What is the greatest common divisor of h and y?
25
Let y(r) = -8*r + 0 - 2 - 7 - r**2. Let m be y(-5). Calculate the highest common factor of m and 2.
2
Suppose -2*f + g = 2*f + 7, 3*f + 3*g - 6 = 0. Let r(b) = -42*b - 8. Let v be r(f). What is the greatest common factor of v and 51?
17
Let h be (-6 + 66)*2/12*3. Let p be 28/(-4)*12/(-7). Calculate the highest common factor of p and h.
6
Suppose -2*u = 3*a - 12 - 10, 0 = 3*u + 3. What is the highest common divisor of a and 52?
4
Suppose -2*u - 5*f + 336 = 0, 3*u + 5*f - 635 + 131 = 0. What is the highest common factor of u and 462?
42
Suppose -2*b - 3*b = -385. Let r(a) = -a + 2. Let i be (-3 - -3 - 9) + 0. Let c be r(i). What is the highest common divisor of b and c?
11
Let v = -213 - -301. Calculate the highest common factor of 11 and v.
11
Let a be (1 - 0 - (-228)/(-133))*-7. Let c = -5 - -20. What is the greatest common factor of c and a?
5
Let g be ((-208)/39 + 6)/(1/24). Calculate the highest common divisor of 392 and g.
8
Let v = 10 - 0. Suppose -10*g = -g + 54. Let y be (-105)/(-28)*(-112)/g. Calculate the highest common factor of v and y.
10
Let c be 8 + 9 + -7 + -9. Calculate the greatest common divisor of 163 and c.
1
Let y(m) = 9*m. Let c be y(3). Let d = -16 + c. Let u(f) = 5*f + 1. Let k be u(2). Calculate the highest common factor of d and k.
11
Let s = -79 - -72. Let c(l) = -l**2 - 4*l + 9. Let y(t) = t + 1. Let z(i) = c(i) - 3*y(i). Let v be z(s). What is the greatest common factor of 66 and v?
6
Suppose -42*n = -418 - 2942. Calculate the greatest common factor of n and 420.
20
Let j be (-1302)/12*108/(-63). What is the greatest common divisor of j and 248?
62
Let u(r) = r**3 + 11*r**2 - 6*r - 40. Let y be u(-11). Calculate the highest common divisor of 39 and y.
13
Let k(b) = -4*b**3 + 35*b**2 + 13*b - 14. Let m be k(9). What is the greatest common divisor of m and 176?
22
Suppose 3*q - 2*c = -3*c + 326, -q + 104 = -2*c. Let x = 283 - q. What is the highest common factor of x and 25?
25
Let y be (31 - -76)/(1/29). Calculate the highest common divisor of y and 29.
29
Let p be 142/6 - (37/(-3) - -13). Calculate the highest common factor of p and 92.
23
Let x(r) be the first derivative of -r**3/3 + 13*r**2/2 - 17*r - 43. Let g be x(10). Calculate the greatest common divisor of 104 and g.
13
Let p be 36/(-5)*(-35 - 110/(-11)). Calculate the greatest common divisor of 324 and p.
36
Let r be (-7)/(-1) + 35 + 4/2. What is the highest common divisor of 33 and r?
11
Let h be 29250/180*(6/5)/1. What is the greatest common factor of h and 39?
39
Let g be (-5)/((-20)/70 + (-26)/(-140)). Calculate the highest common factor of 1350 and g.
50
Let k be 2*(-3)/8*-4. Let h be (-6)/(k + -5) - 12. Let b be 2/(-9) - 173/h. Calculate the greatest common factor of 95 and b.
19
Let u(m) = m**3 - 4*m**2 + m + 6. Let k be u(3). Suppose k*s + 3*s = 45. Calculate the highest common divisor of s and 15.
15
Let u(r) = 3*r**3 + r**2 - 2*r + 2. Let n be u(0). Calculate the greatest common divisor of n and 26.
2
Let h = -85 - -116. Suppose 3 = r, -4*r + 3 = 2*p - h. Calculate the highest common divisor of p and 187.
11
Let j = 15 - 11. Let g(q) = -q**3 + 6*q**2 - 2*q + 1. Let w be g(j). Calculate the highest common factor of w and 5.
5
Let t be 1500/(-34) + (-22)/(-187). Let j = 8 - t. What is the greatest common factor of 13 and j?
13
Let z = 1098 + -612. Suppose 3*q = -3*x + z, 0 = 3*q - 0 - 3. What is the greatest common divisor of 23 and x?
23
Let w = 103 + -32. Suppose 2*u - 40 = -4*s, 3*u - 8*s - w = -3*s. Calculate the greatest common factor of u and 55.
11
Let k be (-49)/(-3) + 8/(-24). Let g(n) = -10*n - 4*n**2 + n**3 + n - n**2 - 3*n**2 + 4. Let w be g(9). What is the highest common factor of w and k?
4
Let j be (-36)/6 + 23 + 3. What is the highest common divisor of 10 and j?
10
Suppose 0 = 3*v - 6 - 0. Suppose -f = -v - 23. Suppose 15 = 2*l - f. What is the greatest common factor of l and 4?
4
Let m be -4*2/(-20) + 63388/230. Calculate the greatest common factor of 12 and m.
12
Let w be ((-68)/(-12) + -7)*-9. Calculate the greatest common divisor of 492 and w.
12
Let j be (1 + -9)*(-7)/7. Let r be 4/3*12/j. Suppose 3*a = r*s + 21, -2*a + 12 = a + s. What is the greatest common factor of 10 and a?
5
Let i = 16 - 16. Let z be -9 - -8 - (i + -38). Let d = z - 12. What is the greatest common factor of 10 and d?
5
Suppose 4*y - i + 36 = 0, i - 33 = 5*y + 11. Let d be 11/((-220)/y) - (-316)/10. Calculate the greatest common divisor of 16 and d.
16
Suppose 191*z + 245 = 198*z. Suppose -3*r = -r - 50. Let v = -18 + r. Calculate the highest common factor of v and z.
7
Let m(g) = -8*g + 7. Let d(w) = 8*w - 6. Let l(r) = 3*d(r) + 4*m(r). Let o be l(-7). What is the greatest common divisor of 6 and o?
6
Let x(v) = 19*v**3 - 2*v + 22 - 5 - 20*v**3. Let t be x(0). What is the highest common factor of t and 17?
17
Suppose -6*f + f = 4*d - 380, -185 = -2*f + 5*d. Suppose 3*c + f = 13*c. What is the greatest common factor of c and 64?
8
Suppose 3*c + 0*c - 3 = 0. Let d = -1 + 41. Let a = -35 + d. Calculate the highest common divisor of c and a.
1
Let p be (4365/35 - 10) + (-4)/(-14). What is the greatest common divisor of p and 184?
23
Let z = 58 + -28. What is the highest common factor of 2130 and z?
30
Suppose -q = 4*l + 3, -l - 5*l = -4*q + 32. What is the highest common divisor of 65 and q?
5
Suppose -143*c = -147*c + 528. What is the greatest common divisor of c and 48?
12
Suppose -46*j + 42*j = -16. Calculate the highest common divisor of 2 and j.
2
Let g(v) = v**3 + 15*v**2 + 17*v - 22. Let j be g(-13). Suppose -3*u + j = 2*u. What is the highest common factor of u and 19?
19
Let x be (-10)/(-20)*(148 + -4). What is the greatest common divisor of 180 and x?
36
Suppose -2*j = 5*x - 140, -j + 51 = 2*x - 17. Suppose -16 = -2*w - 2*w. Suppose -2*g = w, -4*g + g - j = -3*o. What is the highest common fact